{"id":6,"date":"2020-03-29T18:40:49","date_gmt":"2020-03-29T18:40:49","guid":{"rendered":"http:\/\/quierounperro.com\/qup2\/?page_id=6"},"modified":"2023-02-15T17:57:47","modified_gmt":"2023-02-15T17:57:47","slug":"el-nuevo-umoma-abre-sus-puertas-2","status":"publish","type":"page","link":"https:\/\/quierounperro.com\/qup2\/","title":{"rendered":"Adopta y Salva una Vida"},"content":{"rendered":"\r\n<div class=\"wp-block-group alignwide\">\r\n<div class=\"wp-block-group__inner-container is-layout-flow wp-block-group-is-layout-flow\">\r\n<h4 class=\"wp-block-heading\"><strong>Quieres ser parte de quierounperro? \u00danete a nuestro grupo de\u00a0 <a href=\"https:\/\/chat.whatsapp.com\/KAg5BQi4eGbEyJtNOl0J9W\">WhatsApp<\/a><\/strong><\/h4>\r\n<h3 class=\"has-primary-color has-text-color has-text-align-center\"><code>[give_form id=\"200\"]<\/code><\/h3>\r\n\r\n\r\n\r\n<h2 class=\"has-text-align-center wp-block-heading\">T\u00fa decides.. Colabora, se parte de nuestros aliados y colaboradores<\/h2>\r\n<ul>\r\n<li><strong>\u00danete a nuestro grupo de\u00a0 <a href=\"https:\/\/chat.whatsapp.com\/KAg5BQi4eGbEyJtNOl0J9W\">WhatsApp <\/a><\/strong><\/li>\r\n<\/ul>\r\n<\/div>\r\n<\/div>\r\n\r\n\r\n\r\n<div class=\"wp-block-columns alignwide is-layout-flex wp-container-core-columns-is-layout-1 wp-block-columns-is-layout-flex\">\r\n<div class=\"wp-block-column is-layout-flow wp-block-column-is-layout-flow\">\r\n<div class=\"wp-block-group\">\r\n<div class=\"wp-block-group__inner-container is-layout-flow wp-block-group-is-layout-flow\">\r\n<figure class=\"wp-block-image alignfull size-large\"><img loading=\"lazy\" decoding=\"async\" width=\"1024\" height=\"685\" class=\"wp-image-111\" src=\"https:\/\/quierounperro.com\/qup2\/wp-content\/uploads\/2020\/04\/9-septiembre--1024x685.jpg\" alt=\"\" srcset=\"https:\/\/quierounperro.com\/qup2\/wp-content\/uploads\/2020\/04\/9-septiembre--1024x685.jpg 1024w, https:\/\/quierounperro.com\/qup2\/wp-content\/uploads\/2020\/04\/9-septiembre--300x201.jpg 300w, https:\/\/quierounperro.com\/qup2\/wp-content\/uploads\/2020\/04\/9-septiembre--768x513.jpg 768w, https:\/\/quierounperro.com\/qup2\/wp-content\/uploads\/2020\/04\/9-septiembre--1536x1027.jpg 1536w, https:\/\/quierounperro.com\/qup2\/wp-content\/uploads\/2020\/04\/9-septiembre--2048x1369.jpg 2048w\" sizes=\"auto, (max-width: 1024px) 100vw, 1024px\" \/><\/figure>\r\n\r\n\r\n\r\n<h3 class=\"wp-block-heading\">Donativos<\/h3>\r\n\r\n\r\n\r\n<p>T\u00fa decides..<\/p>\r\n\r\n\r\n\r\n<div class=\"wp-block-button is-style-outline is-style-outline--1\"><a class=\"wp-block-button__link\" href=\"https:\/\/quierounperro.com\/qup2\/donativos\">Leer m\u00e1s<\/a><\/div>\r\n<\/div>\r\n<\/div>\r\n\r\n\r\n\r\n<div class=\"wp-block-group\">\r\n<div class=\"wp-block-group__inner-container is-layout-flow wp-block-group-is-layout-flow\">\r\n<figure class=\"wp-block-image alignfull size-large\"><img loading=\"lazy\" decoding=\"async\" width=\"1024\" height=\"686\" class=\"wp-image-147\" src=\"https:\/\/quierounperro.com\/qup2\/wp-content\/uploads\/2020\/04\/10-octubre-A-2-1024x686.jpg\" alt=\"\" srcset=\"https:\/\/quierounperro.com\/qup2\/wp-content\/uploads\/2020\/04\/10-octubre-A-2-1024x686.jpg 1024w, https:\/\/quierounperro.com\/qup2\/wp-content\/uploads\/2020\/04\/10-octubre-A-2-300x201.jpg 300w, https:\/\/quierounperro.com\/qup2\/wp-content\/uploads\/2020\/04\/10-octubre-A-2-768x514.jpg 768w, https:\/\/quierounperro.com\/qup2\/wp-content\/uploads\/2020\/04\/10-octubre-A-2-1536x1029.jpg 1536w, https:\/\/quierounperro.com\/qup2\/wp-content\/uploads\/2020\/04\/10-octubre-A-2-2048x1371.jpg 2048w, https:\/\/quierounperro.com\/qup2\/wp-content\/uploads\/2020\/04\/10-octubre-A-2-1200x804.jpg 1200w, https:\/\/quierounperro.com\/qup2\/wp-content\/uploads\/2020\/04\/10-octubre-A-2-1980x1326.jpg 1980w\" sizes=\"auto, (max-width: 1024px) 100vw, 1024px\" \/>\r\n<figcaption><\/figcaption>\r\n<\/figure>\r\n\r\n\r\n\r\n<h3 class=\"wp-block-heading\">Art\u00edculos<\/h3>\r\n\r\n\r\n\r\n<p>Aprende con nosotros..<\/p>\r\n\r\n\r\n\r\n<div class=\"wp-block-button is-style-outline is-style-outline--2\"><a class=\"wp-block-button__link\" href=\"https:\/\/quierounperro.com\/qup2\/articulos\/\">Leer m\u00e1s<\/a><\/div>\r\n<\/div>\r\n<\/div>\r\n<\/div>\r\n\r\n\r\n\r\n<div class=\"wp-block-column is-layout-flow wp-block-column-is-layout-flow\">\r\n<div class=\"wp-block-group\">\r\n<div class=\"wp-block-group__inner-container is-layout-flow wp-block-group-is-layout-flow\">\r\n<figure class=\"wp-block-image alignfull size-large\"><img loading=\"lazy\" decoding=\"async\" width=\"1024\" height=\"685\" class=\"wp-image-110\" src=\"https:\/\/quierounperro.com\/qup2\/wp-content\/uploads\/2020\/04\/8-agosto-A-1024x685.jpg\" alt=\"\" srcset=\"https:\/\/quierounperro.com\/qup2\/wp-content\/uploads\/2020\/04\/8-agosto-A-1024x685.jpg 1024w, https:\/\/quierounperro.com\/qup2\/wp-content\/uploads\/2020\/04\/8-agosto-A-300x201.jpg 300w, https:\/\/quierounperro.com\/qup2\/wp-content\/uploads\/2020\/04\/8-agosto-A-768x513.jpg 768w, https:\/\/quierounperro.com\/qup2\/wp-content\/uploads\/2020\/04\/8-agosto-A-1536x1027.jpg 1536w, https:\/\/quierounperro.com\/qup2\/wp-content\/uploads\/2020\/04\/8-agosto-A-2048x1369.jpg 2048w\" sizes=\"auto, (max-width: 1024px) 100vw, 1024px\" \/><\/figure>\r\n\r\n\r\n\r\n<h3 class=\"wp-block-heading\">Contacto<\/h3>\r\n\r\n\r\n\r\n<p>Puedes escibirnos..<\/p>\r\n\r\n\r\n\r\n<div class=\"wp-block-button is-style-outline is-style-outline--3\"><a class=\"wp-block-button__link\" href=\"https:\/\/quierounperro.com\/qup2\/contacto\/\">Leer m\u00e1s<\/a><\/div>\r\n<\/div>\r\n<\/div>\r\n\r\n\r\n\r\n<div class=\"wp-block-group\">\r\n<div class=\"wp-block-group__inner-container is-layout-flow wp-block-group-is-layout-flow\">\r\n<figure class=\"wp-block-image alignfull size-large\"><img loading=\"lazy\" decoding=\"async\" width=\"1024\" height=\"685\" class=\"wp-image-144\" src=\"https:\/\/quierounperro.com\/qup2\/wp-content\/uploads\/2020\/04\/7-julio-1-1-1024x685.jpg\" alt=\"\" srcset=\"https:\/\/quierounperro.com\/qup2\/wp-content\/uploads\/2020\/04\/7-julio-1-1-1024x685.jpg 1024w, https:\/\/quierounperro.com\/qup2\/wp-content\/uploads\/2020\/04\/7-julio-1-1-300x201.jpg 300w, https:\/\/quierounperro.com\/qup2\/wp-content\/uploads\/2020\/04\/7-julio-1-1-768x514.jpg 768w, https:\/\/quierounperro.com\/qup2\/wp-content\/uploads\/2020\/04\/7-julio-1-1-1536x1027.jpg 1536w, https:\/\/quierounperro.com\/qup2\/wp-content\/uploads\/2020\/04\/7-julio-1-1-2048x1370.jpg 2048w, https:\/\/quierounperro.com\/qup2\/wp-content\/uploads\/2020\/04\/7-julio-1-1-1200x803.jpg 1200w, https:\/\/quierounperro.com\/qup2\/wp-content\/uploads\/2020\/04\/7-julio-1-1-1980x1324.jpg 1980w\" sizes=\"auto, (max-width: 1024px) 100vw, 1024px\" \/>\r\n<figcaption><\/figcaption>\r\n<\/figure>\r\n\r\n\r\n\r\n<h3 class=\"wp-block-heading\">Nosotros<\/h3>\r\n\r\n\r\n\r\n<p>Conocenos..<\/p>\r\n\r\n\r\n\r\n<div class=\"wp-block-button is-style-outline is-style-outline--4\"><a class=\"wp-block-button__link\" href=\"https:\/\/quierounperro.com\/qup2\/acerca-de\/\">Leer m\u00e1s<\/a><\/div>\r\n<\/div>\r\n<\/div>\r\n<\/div>\r\n<\/div>\r\n\r\n\r\n\r\n<figure class=\"wp-block-gallery alignfull columns-1 is-cropped wp-block-gallery-5 is-layout-flex wp-block-gallery-is-layout-flex\">\r\n<ul class=\"blocks-gallery-grid\">\r\n<li class=\"blocks-gallery-item\">\r\n<figure><img decoding=\"async\" class=\"wp-image-81\" src=\"https:\/\/quierounperro.com\/qup2\/wp-content\/uploads\/2020\/04\/7-julio-A-1024x712.jpg\" alt=\"\" data-id=\"81\" data-full-url=\"https:\/\/quierounperro.com\/qup2\/wp-content\/uploads\/2020\/04\/7-julio-A-scaled.jpg\" data-link=\"https:\/\/quierounperro.com\/qup2\/el-nuevo-umoma-abre-sus-puertas-2\/7-julio-a\/\" \/><\/figure>\r\n<\/li>\r\n<\/ul>\r\n<\/figure>\r\n\r\n\r\n\r\n<figure class=\"wp-block-gallery alignfull columns-2 is-cropped wp-block-gallery-6 is-layout-flex wp-block-gallery-is-layout-flex\">\r\n<ul class=\"blocks-gallery-grid\">\r\n<li class=\"blocks-gallery-item\">\r\n<figure><img decoding=\"async\" class=\"wp-image-106\" src=\"https:\/\/quierounperro.com\/qup2\/wp-content\/uploads\/2020\/04\/1-enero-A-1024x684.jpg\" alt=\"\" data-id=\"106\" data-full-url=\"https:\/\/quierounperro.com\/qup2\/wp-content\/uploads\/2020\/04\/1-enero-A-scaled.jpg\" data-link=\"https:\/\/quierounperro.com\/qup2\/imprimir-2\/\" \/><\/figure>\r\n<\/li>\r\n<li class=\"blocks-gallery-item\">\r\n<figure><img loading=\"lazy\" decoding=\"async\" width=\"1024\" height=\"687\" class=\"wp-image-108\" src=\"https:\/\/quierounperro.com\/qup2\/wp-content\/uploads\/2020\/04\/3-marzo-A-1-1024x687.jpg\" alt=\"\" data-id=\"108\" data-full-url=\"https:\/\/quierounperro.com\/qup2\/wp-content\/uploads\/2020\/04\/3-marzo-A-1-scaled.jpg\" data-link=\"https:\/\/quierounperro.com\/qup2\/3-marzo-a-2\/\" srcset=\"https:\/\/quierounperro.com\/qup2\/wp-content\/uploads\/2020\/04\/3-marzo-A-1-1024x687.jpg 1024w, https:\/\/quierounperro.com\/qup2\/wp-content\/uploads\/2020\/04\/3-marzo-A-1-300x201.jpg 300w, https:\/\/quierounperro.com\/qup2\/wp-content\/uploads\/2020\/04\/3-marzo-A-1-768x515.jpg 768w, https:\/\/quierounperro.com\/qup2\/wp-content\/uploads\/2020\/04\/3-marzo-A-1-1536x1031.jpg 1536w, https:\/\/quierounperro.com\/qup2\/wp-content\/uploads\/2020\/04\/3-marzo-A-1-2048x1375.jpg 2048w\" sizes=\"auto, (max-width: 1024px) 100vw, 1024px\" \/><\/figure>\r\n<\/li>\r\n<\/ul>\r\n<\/figure>\r\n\r\n\r\n\r\n<div class=\"wp-block-group alignwide\">\r\n<div class=\"wp-block-group__inner-container is-layout-flow wp-block-group-is-layout-flow\">\r\n<h2 class=\"has-accent-color has-text-color has-text-align-center wp-block-heading\">Adopta y Salva una Vida<\/h2>\r\n<\/div>\r\n<\/div>\r\n\r\n\r\n\r\n<p class=\"has-drop-cap\"><strong>Colabora y s\u00e9 parte del cambio.. Dale una segunda oportunidad a un perro de la calle..<\/strong><\/p>\r\n\r\n\r\n\r\n<div class=\"wp-block-group alignwide has-background\" style=\"background-color: #fef6cd;\">\r\n<div class=\"wp-block-group__inner-container is-layout-flow wp-block-group-is-layout-flow\">\r\n<div class=\"wp-block-group\">\r\n<div class=\"wp-block-group__inner-container is-layout-flow wp-block-group-is-layout-flow\">\r\n<h2 class=\"has-text-align-center wp-block-heading\">\u00a1Hazte Voluntario!<\/h2>\r\n\r\n\r\n\r\n<p class=\"has-text-align-center\"><strong>Se parte de esta hermosa labor.. <\/strong><\/p>\r\n\r\n\r\n\r\n<div class=\"wp-block-button aligncenter\"><a class=\"wp-block-button__link\" href=\"https:\/\/quierounperro.com\/qup2\/contacto\/\">\u00danete<\/a><\/div>\r\n<\/div>\r\n<\/div>\r\n<\/div>\r\n<\/div>\r\n\r\n\r\n\r\n<figure class=\"wp-block-image size-large\"><img loading=\"lazy\" decoding=\"async\" width=\"880\" height=\"222\" class=\"wp-image-301\" src=\"https:\/\/quierounperro.com\/qup2\/wp-content\/uploads\/2020\/04\/0.png\" alt=\"\" srcset=\"https:\/\/quierounperro.com\/qup2\/wp-content\/uploads\/2020\/04\/0.png 880w, https:\/\/quierounperro.com\/qup2\/wp-content\/uploads\/2020\/04\/0-300x76.png 300w, https:\/\/quierounperro.com\/qup2\/wp-content\/uploads\/2020\/04\/0-768x194.png 768w\" sizes=\"auto, (max-width: 880px) 100vw, 880px\" \/><\/figure>\r\n","protected":false},"excerpt":{"rendered":"<p>Quieres ser parte de quierounperro? \u00danete a nuestro grupo de\u00a0 WhatsApp [give_form id=\u00bb200&#8243;] T\u00fa decides.. Colabora, se parte de nuestros aliados y colaboradores \u00danete a nuestro grupo de\u00a0 WhatsApp Donativos T\u00fa decides.. Art\u00edculos Aprende con nosotros.. Contacto Puedes escibirnos.. Nosotros Conocenos.. Adopta y Salva una Vida Colabora y s\u00e9 parte del cambio.. Dale una segunda [&hellip;]<\/p>\n","protected":false},"author":1,"featured_media":105,"parent":0,"menu_order":0,"comment_status":"closed","ping_status":"closed","template":"templates\/template-cover.php","meta":{"footnotes":""},"class_list":["post-6","page","type-page","status-publish","has-post-thumbnail","hentry"],"_links":{"self":[{"href":"https:\/\/quierounperro.com\/qup2\/wp-json\/wp\/v2\/pages\/6","targetHints":{"allow":["GET"]}}],"collection":[{"href":"https:\/\/quierounperro.com\/qup2\/wp-json\/wp\/v2\/pages"}],"about":[{"href":"https:\/\/quierounperro.com\/qup2\/wp-json\/wp\/v2\/types\/page"}],"author":[{"embeddable":true,"href":"https:\/\/quierounperro.com\/qup2\/wp-json\/wp\/v2\/users\/1"}],"replies":[{"embeddable":true,"href":"https:\/\/quierounperro.com\/qup2\/wp-json\/wp\/v2\/comments?post=6"}],"version-history":[{"count":55,"href":"https:\/\/quierounperro.com\/qup2\/wp-json\/wp\/v2\/pages\/6\/revisions"}],"predecessor-version":[{"id":527,"href":"https:\/\/quierounperro.com\/qup2\/wp-json\/wp\/v2\/pages\/6\/revisions\/527"}],"wp:featuredmedia":[{"embeddable":true,"href":"https:\/\/quierounperro.com\/qup2\/wp-json\/wp\/v2\/media\/105"}],"wp:attachment":[{"href":"https:\/\/quierounperro.com\/qup2\/wp-json\/wp\/v2\/media?parent=6"}],"curies":[{"name":"wp","href":"https:\/\/api.w.org\/{rel}","templated":true}]}}